{"id":3168,"date":"2015-08-20T08:51:36","date_gmt":"2015-08-20T07:51:36","guid":{"rendered":"http:\/\/www.globalflight.net\/french\/?page_id=3168"},"modified":"2021-09-28T10:56:04","modified_gmt":"2021-09-28T09:56:04","slug":"webinaires","status":"publish","type":"page","link":"https:\/\/www.globalflight.net\/french\/services\/airlines-program-operators\/webinaires\/","title":{"rendered":"Webinaires"},"content":{"rendered":"<p><b>Nos webinaires &#8211; un moyen interactif de partager avec vous!<\/b><\/p>\n<p>Notre but chez Global Flight a toujours \u00e9t\u00e9 de partager avec les compagnies a\u00e9riennes et d&rsquo;autres soci\u00e9t\u00e9s du secteur de voyage notre incomparable connaissance du terrain des programmes de fid\u00e9lit\u00e9. Nous sommes rest\u00e9s attach\u00e9s \u00e0 cette vocation depuis 1996.<\/p>\n<p>Nous utilisons de nombreux moyens pour communiquer avec vous et assouvir cette soif du partage qui nous anime, ne serait-ce que par notre c\u0153ur de m\u00e9tier au plus pr\u00e8s des op\u00e9rateurs des programmes mais aussi \u00e0 travers de nos <a title=\"conf\u00e9rences\" href=\"https:\/\/www.globalflight.net\/french\/conferences\" target=\"_blank\" rel=\"noopener noreferrer\">conf\u00e9rences<\/a>, le <a title=\"Blog du Pdg\" href=\"https:\/\/www.globalflight.net\/french\/category\/ceo-blog\" target=\"_blank\" rel=\"noopener noreferrer\">blog du PDG<\/a> et les r\u00e9seaux sociaux.<\/p>\n<p>C\u2019est dans la continuit\u00e9 de nos actions que nous conduisons des webinaires \u00e9ducatifs qui sont d\u00e9sormais int\u00e9gr\u00e9s \u00e0 notre offre autour des conf\u00e9rences Loyalty &amp; Awards. Nous vous invitons \u00e0 v\u00e9rifier r\u00e9guli\u00e8rement notre <a href=\"https:\/\/www.loyalty-and-awards.com\/en\/pages\/resources-76.html?t=2\" target=\"_blank\" rel=\"noopener noreferrer\">offre correspondante<\/a>.<\/p>\n<p>Vous pouvez \u00e9galement <a href=\"https:\/\/www.globalflight.net\/french\/contact-us\/\">nous contacter<\/a> si vous souhaitez \u00eatre ajout\u00e9 \u00e0 notre liste d&rsquo;envoi pour \u00eatre inform\u00e9 directement sur nos webinaires et nos conf\u00e9rences Loyalty &amp; Awards.<\/p>\n","protected":false},"excerpt":{"rendered":"<p>Nos webinaires &#8211; un moyen interactif de partager avec vous! Notre but chez Global Flight a toujours \u00e9t\u00e9 de partager avec les compagnies a\u00e9riennes et d&rsquo;autres soci\u00e9t\u00e9s du secteur de voyage notre incomparable connaissance du terrain des programmes de fid\u00e9lit\u00e9. Nous sommes rest\u00e9s attach\u00e9s \u00e0 cette vocation depuis 1996. Nous utilisons de nombreux moyens pour [&hellip;]<\/p>\n","protected":false},"author":7,"featured_media":0,"parent":692,"menu_order":0,"comment_status":"closed","ping_status":"open","template":"","meta":{"_links_to":"","_links_to_target":""},"_links":{"self":[{"href":"https:\/\/www.globalflight.net\/french\/wp-json\/wp\/v2\/pages\/3168"}],"collection":[{"href":"https:\/\/www.globalflight.net\/french\/wp-json\/wp\/v2\/pages"}],"about":[{"href":"https:\/\/www.globalflight.net\/french\/wp-json\/wp\/v2\/types\/page"}],"author":[{"embeddable":true,"href":"https:\/\/www.globalflight.net\/french\/wp-json\/wp\/v2\/users\/7"}],"replies":[{"embeddable":true,"href":"https:\/\/www.globalflight.net\/french\/wp-json\/wp\/v2\/comments?post=3168"}],"version-history":[{"count":28,"href":"https:\/\/www.globalflight.net\/french\/wp-json\/wp\/v2\/pages\/3168\/revisions"}],"predecessor-version":[{"id":5381,"href":"https:\/\/www.globalflight.net\/french\/wp-json\/wp\/v2\/pages\/3168\/revisions\/5381"}],"up":[{"embeddable":true,"href":"https:\/\/www.globalflight.net\/french\/wp-json\/wp\/v2\/pages\/692"}],"wp:attachment":[{"href":"https:\/\/www.globalflight.net\/french\/wp-json\/wp\/v2\/media?parent=3168"}],"curies":[{"name":"wp","href":"https:\/\/api.w.org\/{rel}","templated":true}]}}