{"id":688,"date":"2014-10-10T10:29:31","date_gmt":"2014-10-10T09:29:31","guid":{"rendered":"http:\/\/www.globalflight.net\/french\/?page_id=688"},"modified":"2021-09-28T10:53:31","modified_gmt":"2021-09-28T09:53:31","slug":"it-suppliers","status":"publish","type":"page","link":"https:\/\/www.globalflight.net\/french\/ressources\/it-suppliers\/","title":{"rendered":"Fournisseurs IT"},"content":{"rendered":"<p>Global Flight ne propose pas de solutions informatiques pour les programmes de fid\u00e9lisation, afin de pouvoir se concentrer enti\u00e8rement aux aspects de gestion qui se r\u00e9jouissent d\u2019une plus grande importance strat\u00e9gique. N\u00e9anmoins, nous pouvons vous assister, par exemple, avec des appels d\u2019offre dans ce domaine, puisque nous connaissons tous les fournisseurs pertinents.<\/p>\n<p>Nous vous pr\u00e9sentons ci-apr\u00e8s une liste de tous les fournisseurs IT qui disposent d\u2019une solution correspondante pour les programmes de fid\u00e9lisation dans leur portfolio.<\/p>\n\n<div class=\"wk-gallery wk-gallery-wall clearfix margin \">\n\n\t\t\n\t\t\t\n\t\t\t\t\t<a class=\"\" href=\"https:\/\/amadeus.com\/en\/portfolio\/airlines\/loyalty-management\"   target=\"_blank\"><img src=\"\/french\/wp-content\/plugins\/widgetkit\/cache\/gallery\/800\/amadeus-1965662d90.png\" width=\"192\" height=\"144\" alt=\"amadeus\" \/><\/a>\n\t\t\t\t\n\t\t\n\t\t\t\n\t\t\t\t\t<a class=\"\" href=\"https:\/\/www.cheetahdigital.com\/solutions\/cheetah-loyalty\"   target=\"_blank\"><img src=\"\/french\/wp-content\/plugins\/widgetkit\/cache\/gallery\/800\/cheetah2020-fca6d977ef.png\" width=\"189\" height=\"143\" alt=\"cheetah2020\" \/><\/a>\n\t\t\t\t\n\t\t\n\t\t\t\n\t\t\t\t\t<a class=\"\" href=\"https:\/\/www.comarch.com\/trade-and-services\/loyalty-marketing\/loyalty-management\/\"   target=\"_blank\"><img src=\"\/french\/wp-content\/plugins\/widgetkit\/cache\/gallery\/800\/comarch-24f5f858e7.png\" width=\"192\" height=\"144\" alt=\"comarch\" \/><\/a>\n\t\t\t\t\n\t\t\n\t\t\t\n\t\t\t\t\t<a class=\"\" href=\"https:\/\/us.epsilon.com\/epsilon-peoplecloud-overview\/loyalty\"   target=\"_blank\"><img src=\"\/french\/wp-content\/plugins\/widgetkit\/cache\/gallery\/800\/epsilon-af39ce4bff.png\" width=\"189\" height=\"143\" alt=\"epsilon\" \/><\/a>\n\t\t\t\t\n\t\t\n\t\t\t\n\t\t\t\t\t<a class=\"\" href=\"https:\/\/www.giift.com\/\"   target=\"_blank\"><img src=\"\/french\/wp-content\/plugins\/widgetkit\/cache\/gallery\/800\/giift-a4f4b13532.png\" width=\"189\" height=\"143\" alt=\"giift\" \/><\/a>\n\t\t\t\t\n\t\t\n\t\t\t\n\t\t\t\t\t<a class=\"\" href=\"https:\/\/crane.aero\/solutions-services\/passenger-service-system\/loyalty-layer\"   target=\"_blank\"><img src=\"\/french\/wp-content\/plugins\/widgetkit\/cache\/gallery\/800\/hitit-da748cccd3.png\" width=\"189\" height=\"143\" alt=\"hitit\" \/><\/a>\n\t\t\t\t\n\t\t\n\t\t\t\n\t\t\t\t\t<a class=\"\" href=\"https:\/\/www.ibsplc.com\/solutions\/product\/airline-passenger-solutions\/loyalty-management-system\"   target=\"_blank\"><img src=\"\/french\/wp-content\/plugins\/widgetkit\/cache\/gallery\/800\/ibs2020-24a627f134.png\" width=\"189\" height=\"143\" alt=\"ibs2020\" \/><\/a>\n\t\t\t\t\n\t\t\n\t\t\t\n\t\t\t\t\t<a class=\"\" href=\"https:\/\/www.lji.io\/\"   target=\"_blank\"><img src=\"\/french\/wp-content\/plugins\/widgetkit\/cache\/gallery\/800\/loyalty-juggern-a126067559.png\" width=\"189\" height=\"143\" alt=\"loyalty-juggern\" \/><\/a>\n\t\t\t\t\n\t\t\n\t\t\t\n\t\t\t\t\t<a class=\"\" href=\"https:\/\/lpsolutions.com\/loyalty-management-suite\/\"   target=\"_blank\"><img src=\"\/french\/wp-content\/plugins\/widgetkit\/cache\/gallery\/800\/loyalty-partner-9fef3d7ed1.png\" width=\"189\" height=\"143\" alt=\"loyalty-partner\" \/><\/a>\n\t\t\t\t\n\t\t\n\t\t\t\n\t\t\t\t\t<a class=\"\" href=\"https:\/\/www.loyaltyplus.co.za\/\"   target=\"_blank\"><img src=\"\/french\/wp-content\/plugins\/widgetkit\/cache\/gallery\/800\/loyalty-plus2020-fdeb5443fe.png\" width=\"189\" height=\"143\" alt=\"loyalty-plus2020\" \/><\/a>\n\t\t\t\t\n\t\t\n\t\t\t\n\t\t\t\t\t<a class=\"\" href=\"https:\/\/www.loyaltyxpert.com\/\"   target=\"_blank\"><img src=\"\/french\/wp-content\/plugins\/widgetkit\/cache\/gallery\/800\/loyalty-xpert-e444d3b956.png\" width=\"192\" height=\"144\" alt=\"loyalty-xpert\" \/><\/a>\n\t\t\t\t\n\t\t\n\t\t\t\n\t\t\t\t\t<a class=\"\" href=\"https:\/\/www.loylogic.com\/\"   target=\"_blank\"><img src=\"\/french\/wp-content\/plugins\/widgetkit\/cache\/gallery\/800\/loylogic-a9aeec83cd.png\" width=\"192\" height=\"144\" alt=\"loylogic\" \/><\/a>\n\t\t\t\t\n\t\t\n\t\t\t\n\t\t\t\t\t<a class=\"\" href=\"https:\/\/www.navitaire.com\/loyalty\"   target=\"_blank\"><img src=\"\/french\/wp-content\/plugins\/widgetkit\/cache\/gallery\/800\/navitaire1-698edb18e0.png\" width=\"192\" height=\"144\" alt=\"navitaire1\" \/><\/a>\n\t\t\t\t\n\t\t\n\t\t\t\n\t\t\t\t\t<a class=\"\" href=\"https:\/\/www.oracle.com\/us\/products\/applications\/siebel\/enterprise-marketing\/loyalty-management\/overview\/index.html\"   target=\"_blank\"><img src=\"\/french\/wp-content\/plugins\/widgetkit\/cache\/gallery\/800\/oracle-e5ad115445.png\" width=\"192\" height=\"144\" alt=\"oracle\" \/><\/a>\n\t\t\t\t\n\t\t\n\t\t\t\n\t\t\t\t\t<a class=\"\" href=\"https:\/\/www.sap.com\/products\/crm.html\"   target=\"_blank\"><img src=\"\/french\/wp-content\/plugins\/widgetkit\/cache\/gallery\/800\/sap-c47383b987.png\" width=\"192\" height=\"144\" alt=\"sap\" \/><\/a>\n\t\t\t\t\n\t\t\n\t\t\t\n\t\t\t\t\t<a class=\"\" href=\"https:\/\/www.vonality.com\/\"   target=\"_blank\"><img src=\"\/french\/wp-content\/plugins\/widgetkit\/cache\/gallery\/800\/vonality 192x144-b868cd0c4b.png\" width=\"192\" height=\"144\" alt=\"vonality 192x144\" \/><\/a>\n\t\t\t\t\n\t\n<\/div>\n\n\n<p>Si vous pensez que votre soci\u00e9t\u00e9 devrait faire partie de cette liste ou bien si vous d\u00e9sirez rehausser votre propre pr\u00e9sentation en ajoutant une br\u00e8ve description, veuillez\u00a0<a title=\"Contact Us\" href=\"https:\/\/www.globalflight.net\/french\/contact-us\/\">nous contacter<\/a>.<\/p>\n","protected":false},"excerpt":{"rendered":"<p>Global Flight ne propose pas de solutions informatiques pour les programmes de fid\u00e9lisation, afin de pouvoir se concentrer enti\u00e8rement aux aspects de gestion qui se r\u00e9jouissent d\u2019une plus grande importance strat\u00e9gique. N\u00e9anmoins, nous pouvons vous assister, par exemple, avec des appels d\u2019offre dans ce domaine, puisque nous connaissons tous les fournisseurs pertinents. Nous vous pr\u00e9sentons [&hellip;]<\/p>\n","protected":false},"author":7,"featured_media":0,"parent":639,"menu_order":4,"comment_status":"closed","ping_status":"closed","template":"","meta":{"_links_to":"","_links_to_target":""},"_links":{"self":[{"href":"https:\/\/www.globalflight.net\/french\/wp-json\/wp\/v2\/pages\/688"}],"collection":[{"href":"https:\/\/www.globalflight.net\/french\/wp-json\/wp\/v2\/pages"}],"about":[{"href":"https:\/\/www.globalflight.net\/french\/wp-json\/wp\/v2\/types\/page"}],"author":[{"embeddable":true,"href":"https:\/\/www.globalflight.net\/french\/wp-json\/wp\/v2\/users\/7"}],"replies":[{"embeddable":true,"href":"https:\/\/www.globalflight.net\/french\/wp-json\/wp\/v2\/comments?post=688"}],"version-history":[{"count":12,"href":"https:\/\/www.globalflight.net\/french\/wp-json\/wp\/v2\/pages\/688\/revisions"}],"predecessor-version":[{"id":5377,"href":"https:\/\/www.globalflight.net\/french\/wp-json\/wp\/v2\/pages\/688\/revisions\/5377"}],"up":[{"embeddable":true,"href":"https:\/\/www.globalflight.net\/french\/wp-json\/wp\/v2\/pages\/639"}],"wp:attachment":[{"href":"https:\/\/www.globalflight.net\/french\/wp-json\/wp\/v2\/media?parent=688"}],"curies":[{"name":"wp","href":"https:\/\/api.w.org\/{rel}","templated":true}]}}