{"id":711,"date":"2014-10-10T10:58:41","date_gmt":"2014-10-10T02:58:41","guid":{"rendered":"http:\/\/www.globalflight.net\/french\/?page_id=711"},"modified":"2021-09-28T12:44:30","modified_gmt":"2021-09-28T11:44:30","slug":"publications","status":"publish","type":"page","link":"https:\/\/www.globalflight.net\/french\/about-us\/publications\/","title":{"rendered":"Publications"},"content":{"rendered":"<p>Nous sommes repr\u00e9sent\u00e9s r\u00e9guli\u00e8rement dans les m\u00e9dias nationaux et internationaux et r\u00e9digeons parfois des articles autour du sujet des programmes Frequent Flyer nous-m\u00eames. Vous trouvez ici une petite s\u00e9lection des centaines de publications et \u00e9missions qu\u2019il y a eu jusqu\u2019\u00e0 ce jour.<\/p>\n<p>De plus, vous pouvez rencontrer le G\u00e9rant, <a title=\"Team\" href=\"https:\/\/www.globalflight.net\/french\/about-us\/team\/\">Ravindra Bhagwanani<\/a>, d\u00e9j\u00e0 nomm\u00e9 \u00ab\u00a0Gourou\u00a0\u00bb (International Herald Tribune), \u00ab\u00a0Pape Frequent Flyer\u00a0\u00bb (Cash) et \u00ab\u00a0Ma\u00eetre des miles\u00a0\u00bb (TravelTalk), r\u00e9guli\u00e8rement \u00e0 des conf\u00e9rences et s\u00e9minaires, comme par exemple aux\u00a0<a href=\"https:\/\/www.globalflight.net\/french\/conferences\/\">conf\u00e9rences Loyalty &amp; Awards<\/a> annuelles, auxquels il participe pour faire part de ses exp\u00e9riences et discuter de ses id\u00e9es avec des autres. Pourquoi pas avec vous ?<\/p>\n\n<div id=\"accordion-1093-69de72bd6c473\" class=\"wk-accordion wk-accordion-default clearfix\"  data-widgetkit=\"accordion\" data-options='{\"style\":\"default\",\"collapseall\":1,\"matchheight\":0,\"index\":0,\"duration\":500,\"width\":\"auto\",\"order\":\"default\"}'>\n\t\t\t<h3 class=\"toggler\">FRAN\u00c7AIS<\/h3>\n\t\t<div><div class=\"content wk-content clearfix\"><p><a href=\"https:\/\/www.globalflight.net\/french\/wp-content\/uploads\/2023\/11\/2311-Accor-F.pdf\" target=\"_blank\" rel=\"noopener\">Accor (Paris)<br \/>Le 9 novembre 2023<\/a><\/p>\r\n<p><a href=\"https:\/\/www.globalflight.net\/wp-content\/uploads\/2017\/12\/1711-Air-Journal.pdf\" target=\"_blank\" rel=\"noopener\">Air Journal (Paris)<br \/>Le 24 novembre 2017<\/a><\/p>\r\n<p><a href=\"https:\/\/www.globalflight.net\/wp-content\/uploads\/2017\/12\/1601-Manager-Attitude.pdf\" target=\"_blank\" rel=\"noopener\">Manager Attitude (Paris)<br \/>Le 18 janvier 2016<\/a><\/p>\r\n<p><a href=\"\/wp-content\/uploads\/pub\/1205 DeplacementsPros.pdf\" target=\"_blank\" rel=\"noopener\">D\u00e9placementsPro (Paris)<br \/>Le 14 mai 2012<\/a>\u00a0<\/p>\r\n<p><a href=\"https:\/\/www.youtube.com\/watch?v=b4iPhn9MREI\" target=\"_blank\" rel=\"noopener\">Interview with Ravindra Bhagwanani at Aeromorning (Toulouse)<br \/>Le 24 septembre 2010<\/a><\/p>\r\n<p><a href=\"\/wp-content\/uploads\/pub\/1005 Nouvelles des entreprises.pdf\" target=\"_blank\" rel=\"noopener\">Les Nouvelles des Entreprises (Toulouse)<br \/>Mai 2010<\/a>\u00a0<\/p>\r\n<p><a href=\"\/wp-content\/uploads\/pub\/1001Depeche.pdf\" target=\"_blank\" rel=\"noopener\">La D\u00e9p\u00eache du Midi (Toulouse)<br \/>Le 12 janvier 2010<\/a>\u00a0<\/p>\r\n<p><a href=\"\/wp-content\/uploads\/pub\/0912Quotidien_tourisme.pdf\" target=\"_blank\" rel=\"noopener\">Le Quotidien du Tourisme (Clichy)<br \/>Le 15 d\u00e9cembre 2009<\/a>\u00a0<\/p>\r\n<p><a href=\"\/wp-content\/uploads\/pub\/0911_DeplacementsPros.pdf\" target=\"_blank\" rel=\"noopener\">D\u00e9placementsPro (Paris)<br \/>Le 24 novembre 2009<\/a>\u00a0<\/p>\r\n<p><a href=\"\/wp-content\/uploads\/pub\/reponse.htm\" target=\"_blank\" rel=\"noopener\">R\u00e9ponse \u00e0 tout (Paris)<br \/>Avril 2003<\/a>\u00a0<\/p><\/div><\/div>\n\t\t\t<h3 class=\"toggler\">ANGLAIS<\/h3>\n\t\t<div><div class=\"content wk-content clearfix\"><p><a href=\"https:\/\/www.globalflight.net\/wp-content\/uploads\/2022\/09\/2208-The-Wise-Marketer.pdf\" target=\"_blank\" rel=\"noopener\">The Wise Marketer (Ft. Lauderdale)<br \/>Le 26 ao\u00fbt 2022<\/a><\/p>\r\n<p><a href=\"https:\/\/www.globalflight.net\/wp-content\/uploads\/2021\/01\/2101-The-Wise-Marketer.pdf\" target=\"_blank\" rel=\"noopener\">The Wise Marketer (Ft. Lauderdale)<br \/>Le 19 janvier 2021<\/a><\/p>\r\n<p><a href=\"https:\/\/www.globalflight.net\/wp-content\/uploads\/2020\/07\/2006-Airline-Business.pdf\" target=\"_blank\" rel=\"noopener\">Airline Business (Londres)<br \/>Juin\/juillet 2020<\/a><\/p>\r\n<p><a href=\"https:\/\/www.globalflight.net\/wp-content\/uploads\/2019\/11\/1911-Business-Travel-iQ.pdf\" target=\"_blank\" rel=\"noopener\">Business Travel iQ (Londres)<br \/>Le 21 novembre 2019<\/a><a href=\"https:\/\/www.globalflight.net\/wp-content\/uploads\/2017\/12\/1712-Airline-Business.pdf\" target=\"_blank\" rel=\"noopener\"><br \/><\/a><a href=\"https:\/\/www.globalflight.net\/wp-content\/uploads\/2017\/12\/1712-Airline-Business.pdf\" target=\"_blank\" rel=\"noopener\"><br \/>Flight Airline Business (Londres)<br \/>D\u00e9cembre 2017<\/a><\/p>\r\n<p><a href=\"https:\/\/www.globalflight.net\/wp-content\/uploads\/2017\/07\/1707-Airline-Business.pdf\" target=\"_blank\" rel=\"noopener\">Flight Airline Business (Londres)<br \/>Juillet 2017<\/a><\/p>\r\n<p><a href=\"https:\/\/www.globalflight.net\/wp-content\/uploads\/2016\/03\/1603-Airline-Business.pdf\" target=\"_blank\" rel=\"noopener\">Airline Business (Londres)<br \/>Mars 2016<\/a><\/p>\r\n<p><a href=\"https:\/\/www.globalflight.net\/wp-content\/uploads\/2015\/06\/1506_Gulf_News.pdf\">Gulf News (Dubai)<br \/>Le 24 mai 2015<\/a><br \/><br \/><a href=\"https:\/\/www.globalflight.net\/wp-content\/uploads\/2015\/02\/1503-Airline-Business.pdf\" target=\"_blank\" rel=\"noopener\">Airline Business (Londres)<br \/>Mars 2015<\/a><\/p>\r\n<p><a href=\"\/wp-content\/uploads\/pub\/1312%20Airline%20Business.pdf\" target=\"_blank\" rel=\"noopener\">Airline Business (Londres)<br \/>D\u00e9cembre 2013<\/a><\/p>\r\n<p><a href=\"\/wp-content\/uploads\/pub\/1305%20Gulf News.pdf\" target=\"_blank\" rel=\"noopener\">Gulf News (Dubai)<br \/>Le 30 mai 2013<\/a><\/p>\r\n<p><a href=\"\/wp-content\/uploads\/pub\/1301%20Airline%20Business.pdf\" target=\"_blank\" rel=\"noopener\">Airline Business (Londres)<br \/>Janvier 2013<\/a><\/p>\r\n<p><a href=\"\/wp-content\/uploads\/pub\/1111%20Gulf News.pdf\" target=\"_blank\" rel=\"noopener\">Gulf News (Dubai)<br \/>Le 30 novembre 2011<\/a><\/p>\r\n<p><a href=\"\/wp-content\/uploads\/pub\/1104%20Airline%20Business.pdf\" target=\"_blank\" rel=\"noopener\">Airline Business (Londres)<br \/>Avril 2011<\/a><\/p>\r\n<p><a href=\"https:\/\/euromessage.net\/1103\/hititcs\/04\/21\/hititcs.html#1\" target=\"_blank\" rel=\"noopener\">Crane Talk (Istanbul)<br \/>Mars 2011<\/a><\/p>\r\n<p><a href=\"\/wp-content\/uploads\/pub\/1010%20Airline%20Business.pdf\" target=\"_blank\" rel=\"noopener\">Airline Business (Londres)<br \/>Octobre 2010<\/a><\/p>\r\n<p><a href=\"https:\/\/www.youtube.com\/watch?v=b4iPhn9MREI\" target=\"_blank\" rel=\"noopener\">Interview with Ravindra Bhagwanani at Aeromorning (Toulouse)<br \/>Le 24 septembre 2010<\/a><\/p>\r\n<p><a href=\"\/wp-content\/uploads\/pub\/0911AirlineBusiness.pdf\" target=\"_blank\" rel=\"noopener\">Airline Business (Londres)<br \/>Novembre 2009<\/a><\/p>\r\n<p><a href=\"\/wp-content\/uploads\/pub\/interw.html\" target=\"_blank\" rel=\"noopener\">Interview with Ravindra Bhagwanani at Comarch (Cracovie)<br \/>Le 23 avril 2009<\/a><\/p>\r\n<p><a href=\"\/wp-content\/uploads\/pub\/0810AirlineBusiness.pdf\" target=\"_blank\" rel=\"noopener\">Airline Business (Londres)<br \/>Octobre 2008<\/a><\/p>\r\n<p><a href=\"\/wp-content\/uploads\/pub\/0806_Times_Online.pdf\" target=\"_blank\" rel=\"noopener\">Times Online (Londres)<br \/>Le 13 Juin 2008<\/a><\/p>\r\n<p><a href=\"\/wp-content\/uploads\/pub\/0805_TBTM.pdf\" target=\"_blank\" rel=\"noopener\">The Business Travel Magazine (Londres)<br \/>Mai\/juin 2008<\/a><\/p>\r\n<p><a href=\"\/wp-content\/uploads\/pub\/0805 Airline Business.pdf\" target=\"_blank\" rel=\"noopener\">Airline Business (Londres)<br \/>Mai 2008<\/a><\/p>\r\n<p><a href=\"\/wp-content\/uploads\/pub\/0705_Airline Business.pdf\" target=\"_blank\" rel=\"noopener\">Airline Business (Londres)<br \/>Mai 2007<\/a><\/p>\r\n<p><a href=\"\/wp-content\/uploads\/pub\/NY_Times.pdf\" target=\"_blank\" rel=\"noopener\">The New York Times<br \/>Le 29 avril 2007<\/a><\/p>\r\n<p><a href=\"\/wp-content\/uploads\/pub\/cnn\/70so_att.pdf\" target=\"_blank\" rel=\"noopener\">CNN.com (Londres)<br \/>Le 10 juillet 2006<\/a><\/p>\r\n<p><a href=\"\/wp-content\/uploads\/pub\/airline\/0503.pdf\" target=\"_blank\" rel=\"noopener\">Airline Business (Londres)<br \/>Mars 2005<\/a><\/p>\r\n<p><a href=\"\/wp-content\/uploads\/pub\/herald.htm\" target=\"_blank\" rel=\"noopener\">International Herald Tribune (New York)<br \/>Le 06 juin 2003<\/a><\/p>\r\n<p><a href=\"\/wp-content\/uploads\/pub\/airline4.htm\" target=\"_blank\" rel=\"noopener\">Airline Business (Londres)<br \/>Juin 2003 <\/a><\/p>\r\n<p><a href=\"\/wp-content\/uploads\/pub\/holiday012003.htm\" target=\"_blank\" rel=\"noopener\">Holiday Which? (Londres)<br \/>Janvier 2003<\/a><\/p>\r\n<p><a href=\"\/wp-content\/uploads\/pub\/airline3.htm\" target=\"_blank\" rel=\"noopener\">Airline Business (Londres)<br \/>Octobre 2002<\/a><\/p>\r\n<p><a href=\"\/wp-content\/uploads\/pub\/evening.htm\" target=\"_blank\" rel=\"noopener\">Evening Standard (Londres)<br \/>Le 9 mai 2002<\/a><\/p>\r\n<p><a href=\"\/wp-content\/uploads\/pub\/airline2.htm\" target=\"_blank\" rel=\"noopener\">Airline Business (Londres)<br \/>Avril\/mai 2001 <\/a><\/p>\r\n<p><a href=\"\/wp-content\/uploads\/pub\/airline.htm\" target=\"_blank\" rel=\"noopener\">Airline Business (Londres)<br \/>Juin 2000<\/a><\/p>\r\n<p><a href=\"\/wp-content\/uploads\/pub\/ft.htm\" target=\"_blank\" rel=\"noopener\">Financial Times (Londres)<br \/>Le 1er d\u00e9cembre 1999<\/a><\/p>\r\n<p><a href=\"\/wp-content\/uploads\/pub\/bt.htm\" target=\"_blank\" rel=\"noopener\">Business Traveller (Londres)<br \/>Octobre 1998<\/a><\/p><\/div><\/div>\n\t\t\t<h3 class=\"toggler\">ALLEMAND<\/h3>\n\t\t<div><div class=\"content wk-content clearfix\"><p><a href=\"https:\/\/www.globalflight.net\/wp-content\/uploads\/2018\/11\/1811-Travelnews.pdf\" target=\"_blank\" rel=\"noopener\">Travelnews (Zurich)<br \/>Le 23 novembre 2018<\/a><\/p>\r\n<p><a href=\"https:\/\/www.globalflight.net\/wp-content\/uploads\/2018\/02\/1802-Business-Traveltip.pdf\" target=\"_blank\" rel=\"noopener\">Business Traveltip (Zurich)<br \/>F\u00e9vrier 2018<\/a><\/p>\r\n<p><a href=\"https:\/\/www.globalflight.net\/wp-content\/uploads\/2018\/01\/1801-FVW.pdf\" target=\"_blank\" rel=\"noopener\">FVW International (Hambourg)<br \/>Le 5 janvier 2018<\/a><\/p>\r\n<p><a href=\"https:\/\/www.globalflight.net\/wp-content\/uploads\/2017\/12\/1712-Travel-Inside.pdf\" target=\"_blank\" rel=\"noopener\">Travel Inside (Zurich)<br \/>Le 21 d\u00e9cembre 2017<\/a><\/p>\r\n<p><a href=\"\/wp-content\/uploads\/2017\/01\/1611-Business-Traveltip.pdf\" target=\"_blank\" rel=\"noopener\">Business Traveltip (Zurich)<br \/>Novembre 2016<\/a><\/p>\r\n<p><a href=\"\/wp-content\/uploads\/pub\/1409%20Travel%20Express.pdf\" target=\"_blank\" rel=\"noopener\">Travel Express (Vienne)<br \/>Le 9 septembre 2014<\/a><\/p>\r\n<p><a href=\"\/wp-content\/uploads\/pub\/1406%20SRF.mp3\" target=\"_blank\" rel=\"noopener\">Interview with Ravindra Bhagwanani at SRF (Berne)<br \/>Le 28 juin 2014<\/a><\/p>\r\n<p><a href=\"\/wp-content\/uploads\/pub\/1402%20FVW.pdf\" target=\"_blank\" rel=\"noopener\">FVW (Hambourg)<br \/>Le 14 f\u00e9vrier 2014<\/a><\/p>\r\n<p><a href=\"\/wp-content\/uploads\/pub\/1307%20Format.pdf\" target=\"_blank\" rel=\"noopener\">Format (Vienne)<br \/>Le 16 juillet 2013<\/a><\/p>\r\n<p><a href=\"\/wp-content\/uploads\/pub\/1304%20Go%20Global%20Biz.pdf\" target=\"_blank\" rel=\"noopener\">Go Global Biz (Hanovre)<br \/>Avril 2013<\/a><\/p>\r\n<p><a href=\"\/wp-content\/uploads\/pub\/1209 Business Traveltip.pdf\" target=\"_blank\" rel=\"noopener\">Business Traveltip (Zurich)<br \/>Septembre 2012<\/a><\/p>\r\n<p><a href=\"\/wp-content\/uploads\/pub\/1109%20Financial Times.pdf\" target=\"_blank\" rel=\"noopener\">Financial Times Deutschland (Hambourg)<br \/>Le 14 septembre 2011<\/a><\/p>\r\n<p><a href=\"\/wp-content\/uploads\/pub\/0902TravelExpress.pdf\" target=\"_blank\" rel=\"noopener\">Travel Express (Vienne)<br \/>Le 25 f\u00e9vrier 2009<\/a><\/p>\r\n<p><a href=\"\/wp-content\/uploads\/pub\/0804travelmanager.pdf\" target=\"_blank\" rel=\"noopener\">Travel manager (Zurich)<br \/>Avril 2008<\/a><\/p>\r\n<p><a href=\"\/wp-content\/uploads\/pub\/FVW 14_07-044.pdf\" target=\"_blank\" rel=\"noopener\">FVW International (Hambourg)<br \/>Le 8 juin 2007<\/a><\/p>\r\n<p><a href=\"\/wp-content\/uploads\/pub\/ta\/ta.pdf\" target=\"_blank\" rel=\"noopener\">touristik aktuell (Francfort)<br \/>Le 7 ao\u00fbt 2006<\/a><\/p>\r\n<p><a href=\"\/wp-content\/uploads\/pub\/fvw\/fvw170605.htm\" target=\"_blank\" rel=\"noopener\">FVW International (Hambourg)<br \/>Le 17 juin 2005<\/a><\/p>\r\n<p><a href=\"\/wp-content\/uploads\/pub\/hblatt210104.htm\" target=\"_blank\" rel=\"noopener\">Handelsblatt(Dusseldorf)<br \/>Le 21 janvier 2004<\/a><\/p>\r\n<p><a href=\"\/wp-content\/uploads\/pub\/faz.htm\" target=\"_blank\" rel=\"noopener\">Frankfurter Allgemeine Zeitung (Francfort)<br \/>Le 28 f\u00e9vrier 2001<\/a><\/p>\r\n<p><a href=\"\/wp-content\/uploads\/pub\/sonntagsz00.htm\" target=\"_blank\" rel=\"noopener\">SonntagsZeitung (Zurich)<br \/>Le 10 septembre 2000<\/a><\/p>\r\n<p><a href=\"\/wp-content\/uploads\/pub\/nzz00.htm\" target=\"_blank\" rel=\"noopener\">Neue Z\u00fcrcher Zeitung (Zurich) <br \/>Le 16 mars 2000<\/a><\/p>\r\n<p><a href=\"\/wp-content\/uploads\/pub\/te00.htm\" target=\"_blank\" rel=\"noopener\">Travel Express (Vienna) <br \/>Le 2 f\u00e9vrier 2000<\/a><\/p>\r\n<p><a href=\"\/wp-content\/uploads\/pub\/a3.htm\" target=\"_blank\" rel=\"noopener\">a3 ECO Wirtschaftsmagazin (Austria)<br \/>Novembre 1999<\/a><\/p>\r\n<p><a href=\"\/wp-content\/uploads\/pub\/bt99.htm\" target=\"_blank\" rel=\"noopener\">Business Traveller (Hamburg)<br \/>Novembre 1999<\/a><\/p>\r\n<p><a href=\"\/wp-content\/uploads\/pub\/bw.htm\" target=\"_blank\" rel=\"noopener\">WirtschaftsBlatt (Vienna)<br \/>Le 28 novembre 1998<\/a><\/p><\/div><\/div>\n\t\t\t<h3 class=\"toggler\">AUTRES<\/h3>\n\t\t<div><div class=\"content wk-content clearfix\"><p><a href=\"\/wp-content\/uploads\/2016\/03\/1107-Loyalty.info_.pdf\" target=\"_blank\" rel=\"noopener\">Loyalty.info (Moscou)<br \/>Juillet 2011<\/a><\/p><\/div><\/div>\n\t<\/div>\n","protected":false},"excerpt":{"rendered":"<p>Nous sommes repr\u00e9sent\u00e9s r\u00e9guli\u00e8rement dans les m\u00e9dias nationaux et internationaux et r\u00e9digeons parfois des articles autour du sujet des programmes Frequent Flyer nous-m\u00eames. Vous trouvez ici une petite s\u00e9lection des centaines de publications et \u00e9missions qu\u2019il y a eu jusqu\u2019\u00e0 ce jour. De plus, vous pouvez rencontrer le G\u00e9rant, Ravindra Bhagwanani, d\u00e9j\u00e0 nomm\u00e9 \u00ab\u00a0Gourou\u00a0\u00bb (International [&hellip;]<\/p>\n","protected":false},"author":7,"featured_media":0,"parent":736,"menu_order":0,"comment_status":"closed","ping_status":"closed","template":"","meta":{"_links_to":"","_links_to_target":""},"_links":{"self":[{"href":"https:\/\/www.globalflight.net\/french\/wp-json\/wp\/v2\/pages\/711"}],"collection":[{"href":"https:\/\/www.globalflight.net\/french\/wp-json\/wp\/v2\/pages"}],"about":[{"href":"https:\/\/www.globalflight.net\/french\/wp-json\/wp\/v2\/types\/page"}],"author":[{"embeddable":true,"href":"https:\/\/www.globalflight.net\/french\/wp-json\/wp\/v2\/users\/7"}],"replies":[{"embeddable":true,"href":"https:\/\/www.globalflight.net\/french\/wp-json\/wp\/v2\/comments?post=711"}],"version-history":[{"count":13,"href":"https:\/\/www.globalflight.net\/french\/wp-json\/wp\/v2\/pages\/711\/revisions"}],"predecessor-version":[{"id":5392,"href":"https:\/\/www.globalflight.net\/french\/wp-json\/wp\/v2\/pages\/711\/revisions\/5392"}],"up":[{"embeddable":true,"href":"https:\/\/www.globalflight.net\/french\/wp-json\/wp\/v2\/pages\/736"}],"wp:attachment":[{"href":"https:\/\/www.globalflight.net\/french\/wp-json\/wp\/v2\/media?parent=711"}],"curies":[{"name":"wp","href":"https:\/\/api.w.org\/{rel}","templated":true}]}}