{"id":694,"date":"2014-10-10T10:52:54","date_gmt":"2014-10-10T02:52:54","guid":{"rendered":"http:\/\/www.globalflight.net\/german\/?page_id=694"},"modified":"2016-04-08T12:40:18","modified_gmt":"2016-04-08T11:40:18","slug":"project-procedures","status":"publish","type":"page","link":"https:\/\/www.globalflight.net\/german\/services\/corporations\/project-procedures\/","title":{"rendered":"Projektablauf"},"content":{"rendered":"<p>Projektablauf<\/p>\n<p><strong>Analyse<\/strong><\/p>\n<ul>\n<li>Analyse der Reisekosten<\/li>\n<li>Analyse der Buchungsprozesse<\/li>\n<li>Analyse der Reiseverhalten<\/li>\n<\/ul>\n<p><strong>Ausarbeitung Empfehlung<\/strong><\/p>\n<ul>\n<li>Empfehlung \u00fcber die zu nutzenden Programme<\/li>\n<li>Gestaltung der operativen Prozesse<\/li>\n<li>Anpassung der Richtlinien<\/li>\n<\/ul>\n<p><strong>Implementierung<\/strong><\/p>\n<ul>\n<li>Implementierung der revidierten Prozesse mit Reiseb\u00fcropartner<\/li>\n<li>Anmeldung der Reisenden in Vielfliegerprogrammen<\/li>\n<li>Datenimport in FFP Manager<\/li>\n<\/ul>\n<p><strong>Operative Umsetzung<\/strong><\/p>\n<ul>\n<li>Verwaltung \u00fcber FFP Manager<\/li>\n<li>Regelm\u00e4\u00dfige Kontostandspflege im FFP Manager<\/li>\n<li>Buchung von Pr\u00e4mienfl\u00fcgen<\/li>\n<\/ul>\n","protected":false},"excerpt":{"rendered":"<p>Projektablauf Analyse Analyse der Reisekosten Analyse der Buchungsprozesse Analyse der Reiseverhalten Ausarbeitung Empfehlung Empfehlung \u00fcber die zu nutzenden Programme Gestaltung der operativen Prozesse Anpassung der Richtlinien Implementierung Implementierung der revidierten Prozesse mit Reiseb\u00fcropartner Anmeldung der Reisenden in Vielfliegerprogrammen Datenimport in FFP Manager Operative Umsetzung Verwaltung \u00fcber FFP Manager Regelm\u00e4\u00dfige Kontostandspflege im FFP Manager Buchung von [&hellip;]<\/p>\n","protected":false},"author":7,"featured_media":0,"parent":696,"menu_order":0,"comment_status":"closed","ping_status":"closed","template":"","meta":{"_links_to":"","_links_to_target":""},"_links":{"self":[{"href":"https:\/\/www.globalflight.net\/german\/wp-json\/wp\/v2\/pages\/694"}],"collection":[{"href":"https:\/\/www.globalflight.net\/german\/wp-json\/wp\/v2\/pages"}],"about":[{"href":"https:\/\/www.globalflight.net\/german\/wp-json\/wp\/v2\/types\/page"}],"author":[{"embeddable":true,"href":"https:\/\/www.globalflight.net\/german\/wp-json\/wp\/v2\/users\/7"}],"replies":[{"embeddable":true,"href":"https:\/\/www.globalflight.net\/german\/wp-json\/wp\/v2\/comments?post=694"}],"version-history":[{"count":10,"href":"https:\/\/www.globalflight.net\/german\/wp-json\/wp\/v2\/pages\/694\/revisions"}],"predecessor-version":[{"id":2802,"href":"https:\/\/www.globalflight.net\/german\/wp-json\/wp\/v2\/pages\/694\/revisions\/2802"}],"up":[{"embeddable":true,"href":"https:\/\/www.globalflight.net\/german\/wp-json\/wp\/v2\/pages\/696"}],"wp:attachment":[{"href":"https:\/\/www.globalflight.net\/german\/wp-json\/wp\/v2\/media?parent=694"}],"curies":[{"name":"wp","href":"https:\/\/api.w.org\/{rel}","templated":true}]}}