{"id":696,"date":"2014-10-10T10:53:34","date_gmt":"2014-10-10T02:53:34","guid":{"rendered":"http:\/\/www.globalflight.net\/german\/?page_id=696"},"modified":"2022-10-30T06:07:12","modified_gmt":"2022-10-30T05:07:12","slug":"corporations","status":"publish","type":"page","link":"https:\/\/www.globalflight.net\/german\/services\/corporations\/","title":{"rendered":"Unternehmen"},"content":{"rendered":"<p><strong>Sehr geehrter Travel Manager,<\/strong><\/p>\n<p>Die Zeiten, als Sie sich \u00fcber Vielfliegerprogramme \u00e4rgern mussten, sind vorbei: Wir haben die L\u00f6sung f\u00fcr Sie.<\/p>\n<p>Vielfliegerprogramme auf Firmenebene zu nutzen erlaubt Ihnen, rund 10% Ihres Flugbudgets einzusparen. Diese Ersparnisse sind nur ein paar Schritte entfernt und wir freuen uns, Sie dorthin zu bringen.<br \/>\n<iframe loading=\"lazy\" src=\"https:\/\/www.youtube.com\/embed\/UEU6KUmqVZo?ecver=1\" width=\"560\" height=\"315\" frameborder=\"0\" allowfullscreen=\"allowfullscreen\"><\/iframe><\/p>\n<p><a title=\"Overview \u2013 Corporations\" href=\"https:\/\/www.globalflight.net\/german\/services\/corporations\/overview-corporations\/\"><img loading=\"lazy\" class=\"alignnone wp-image-659 size-full\" src=\"https:\/\/www.globalflight.net\/german\/wp-content\/uploads\/2014\/11\/MEHR.png\" alt=\"service-button\" width=\"103\" height=\"37\" \/><\/a><\/p>\n","protected":false},"excerpt":{"rendered":"<p>Sehr geehrter Travel Manager, Die Zeiten, als Sie sich \u00fcber Vielfliegerprogramme \u00e4rgern mussten, sind vorbei: Wir haben die L\u00f6sung f\u00fcr Sie. Vielfliegerprogramme auf Firmenebene zu nutzen erlaubt Ihnen, rund 10% Ihres Flugbudgets einzusparen. Diese Ersparnisse sind nur ein paar Schritte entfernt und wir freuen uns, Sie dorthin zu bringen.<\/p>\n","protected":false},"author":7,"featured_media":0,"parent":635,"menu_order":0,"comment_status":"closed","ping_status":"closed","template":"","meta":{"_links_to":"","_links_to_target":""},"_links":{"self":[{"href":"https:\/\/www.globalflight.net\/german\/wp-json\/wp\/v2\/pages\/696"}],"collection":[{"href":"https:\/\/www.globalflight.net\/german\/wp-json\/wp\/v2\/pages"}],"about":[{"href":"https:\/\/www.globalflight.net\/german\/wp-json\/wp\/v2\/types\/page"}],"author":[{"embeddable":true,"href":"https:\/\/www.globalflight.net\/german\/wp-json\/wp\/v2\/users\/7"}],"replies":[{"embeddable":true,"href":"https:\/\/www.globalflight.net\/german\/wp-json\/wp\/v2\/comments?post=696"}],"version-history":[{"count":20,"href":"https:\/\/www.globalflight.net\/german\/wp-json\/wp\/v2\/pages\/696\/revisions"}],"predecessor-version":[{"id":5751,"href":"https:\/\/www.globalflight.net\/german\/wp-json\/wp\/v2\/pages\/696\/revisions\/5751"}],"up":[{"embeddable":true,"href":"https:\/\/www.globalflight.net\/german\/wp-json\/wp\/v2\/pages\/635"}],"wp:attachment":[{"href":"https:\/\/www.globalflight.net\/german\/wp-json\/wp\/v2\/media?parent=696"}],"curies":[{"name":"wp","href":"https:\/\/api.w.org\/{rel}","templated":true}]}}