{"id":706,"date":"2014-10-10T10:57:28","date_gmt":"2014-10-10T02:57:28","guid":{"rendered":"http:\/\/www.globalflight.net\/german\/?page_id=706"},"modified":"2016-04-08T13:35:22","modified_gmt":"2016-04-08T12:35:22","slug":"listing-clps-for-smes","status":"publish","type":"page","link":"https:\/\/www.globalflight.net\/german\/informationen\/listing-clps-for-smes\/","title":{"rendered":"Liste KMU-Programme"},"content":{"rendered":"<p>Untenstehende Kundenbindungsprogramme f\u00fcr KMUs von Fluggesellschaften werden derzeit angeboten. Wo verf\u00fcgbar, k\u00f6nnen Sie sich durch Anklicken des Programmnamens zu der Homepage des Programmanbieters verbinden lassen, nach M\u00f6glichkeit direkt zu den Seiten \u00fcber das Programm. Bitte beachten Sie, dass viele dieser Programme nur in bestimmten M\u00e4rkten angeboten werden. Au\u00dferdem bieten Fluggesellschaften Firmen je nach Gr\u00f6\u00dfe nat\u00fcrlich auch andere Produkte, wie Firmenvereinbarungen und Nettoraten, an.<\/p>\n\n<table id=\"tablepress-4\" class=\"tablepress tablepress-id-4\" aria-describedby=\"tablepress-4-description\">\n<thead>\n<tr class=\"row-1 odd\">\n\t<th class=\"column-1\">Programm<\/th><th class=\"column-2\">Anbieter<\/th><th class=\"column-3\">Land<\/th>\n<\/tr>\n<\/thead>\n<tbody class=\"row-hover\">\n<tr class=\"row-2 even\">\n\t<td class=\"column-1\"><a href=\"https:\/\/en.about.aegeanair.com\/business-on-board\/\" target=_\"blank\">Business on Board<\/a><\/td><td class=\"column-2\">Aegean Airlines<\/td><td class=\"column-3\">Griechenland<\/td>\n<\/tr>\n<tr class=\"row-3 odd\">\n\t<td class=\"column-1\"><a href=\"http:\/\/www.aeroflot.ru\/ru-en\/information_services\/loyalty_program\" target=_\"blank\">Corporate Loyalty Program<\/a><\/td><td class=\"column-2\">Aeroflot<\/td><td class=\"column-3\">Russland<\/td>\n<\/tr>\n<tr class=\"row-4 even\">\n\t<td class=\"column-1\"><a href=\"https:\/\/corporativo.clubpremier.com\/en\/corporate\/descubre?corpCategory=discover&amp;_ga=2.215239313.702714916.1503910721-1350183669.1503910721&amp;lang=en\" target=_\"blank\">Club Premier Corporativo<\/a><\/td><td class=\"column-2\">AeroMexico<\/td><td class=\"column-3\">Mexiko<\/td>\n<\/tr>\n<tr class=\"row-5 odd\">\n\t<td class=\"column-1\"><a href=\"https:\/\/airastana.com\/kaz\/en-us\/Nomad-Club\/Nomad-Corporate\/Programme-Overview\" target=_\"blank\">Nomad Corporate<\/a><\/td><td class=\"column-2\">Air Astana <\/td><td class=\"column-3\">Kazakhstan<\/td>\n<\/tr>\n<tr class=\"row-6 even\">\n\t<td class=\"column-1\"><a href=\"http:\/\/www.aireuropaempresas.com\/fidemp\/es\/gastar.xml\" target=_\"blank\">AirEuropa Empresas<\/a><\/td><td class=\"column-2\">Air Europa<\/td><td class=\"column-3\">Spanien<\/td>\n<\/tr>\n<tr class=\"row-7 odd\">\n\t<td class=\"column-1\"><a href=\"https:\/\/www.bluebiz.com\/en\/\" target=_\"blank\">Blue Biz<\/a><\/td><td class=\"column-2\">Air France KLM<\/td><td class=\"column-3\">Frankreich \/ Niederlande<\/td>\n<\/tr>\n<tr class=\"row-8 even\">\n\t<td class=\"column-1\"><a href=\"http:\/\/www.airmoldova.md\/juridical-persons-participation-en\/\" target=_\"blank\">Air Moldova Club<\/a><\/td><td class=\"column-2\">Air Moldova<\/td><td class=\"column-3\">Moldau<\/td>\n<\/tr>\n<tr class=\"row-9 odd\">\n\t<td class=\"column-1\"><a href=\"http:\/\/www.airnewzealand.co.nz\/airpoints-for-business\" target=_\"blank\">Airpoints for Business<\/a><\/td><td class=\"column-2\">Air New Zealand<\/td><td class=\"column-3\">Neuseeland<\/td>\n<\/tr>\n<tr class=\"row-10 even\">\n\t<td class=\"column-1\"><a href=\"https:\/\/www.airtahitinui.com\/pf-fr\/club-tiare-corporate\" target=_\"blank\">Club Tiare Corporate<\/a><\/td><td class=\"column-2\">Air Tahiti Nui<\/td><td class=\"column-3\">Franz\u00f6sisch Polynesien<\/td>\n<\/tr>\n<tr class=\"row-11 odd\">\n\t<td class=\"column-1\"><a href=\"https:\/\/www.alaskaair.com\/content\/atmos-for-business\" target=_\"blank\">Atmos for Business<\/a><\/td><td class=\"column-2\">Alaska Airlines<\/td><td class=\"column-3\">USA<\/td>\n<\/tr>\n<tr class=\"row-12 even\">\n\t<td class=\"column-1\"><a href=\"https:\/\/www.aa.com\/i18n\/aadvantage-program\/aadvantage-business\/overview.jsp\" target=_\"blank\">AAdvantage Business<\/a><\/td><td class=\"column-2\">American Airlines<\/td><td class=\"column-3\">USA<\/td>\n<\/tr>\n<tr class=\"row-13 odd\">\n\t<td class=\"column-1\"><a href=\"https:\/\/flyasiana.com\/C\/KR\/EN\/contents\/asiana-corporate-club\" target=_\"blank\">Asiana Corporate Club<\/a><\/td><td class=\"column-2\">Asiana<\/td><td class=\"column-3\">S\u00fcd-Korea<\/td>\n<\/tr>\n<tr class=\"row-14 even\">\n\t<td class=\"column-1\"><a href=\"http:\/\/www.programapreferencia.com\/en-co\/\" target=_\"blank\">Preferencia<\/a><\/td><td class=\"column-2\">Avianca<\/td><td class=\"column-3\">Kolumbien<\/td>\n<\/tr>\n<tr class=\"row-15 odd\">\n\t<td class=\"column-1\"><a href=\"http:\/\/en.belavia.by\/leader\/for_firms\/\" target=_\"blank\">Belavia Leader<\/a><\/td><td class=\"column-2\">Belavia<\/td><td class=\"column-3\">Wei\u00dfrussland<\/td>\n<\/tr>\n<tr class=\"row-16 even\">\n\t<td class=\"column-1\"><a href=\"http:\/\/www.britishairways.com\/travel\/on-business-travel\/public\/en_gb?gsLink=searchResults\" target=_\"blank\">On Business<\/a><\/td><td class=\"column-2\">British Airways<\/td><td class=\"column-3\">Gro\u00dfbritannien<\/td>\n<\/tr>\n<tr class=\"row-17 odd\">\n\t<td class=\"column-1\"><a href=\"https:\/\/www.cathaypacific.com\/cx\/en_HK\/offers\/business-travel\/business-plus.html\" target=_\"blank\">Business Plus<\/a><\/td><td class=\"column-2\">Cathay Pacific<\/td><td class=\"column-3\">China<\/td>\n<\/tr>\n<tr class=\"row-18 even\">\n\t<td class=\"column-1\"><a href=\"https:\/\/members.china-airlines.com\/CRP\/Promote\/Introduction\" target=_\"blank\">Corporate Extra<\/a><\/td><td class=\"column-2\">China Airlines<\/td><td class=\"column-3\">Taiwan<\/td>\n<\/tr>\n<tr class=\"row-19 odd\">\n\t<td class=\"column-1\"><a href=\"https:\/\/skybonus.delta.com\/content\/skybonus\/corporate\/us\/en\/home.html\" target=_\"blank\">SkyBonus<\/a><\/td><td class=\"column-2\">Delta Air Lines<\/td><td class=\"column-3\">USA<\/td>\n<\/tr>\n<tr class=\"row-20 even\">\n\t<td class=\"column-1\"><a href=\"https:\/\/www.egyptairplus.com\/corporate-plus-program\" target=_\"blank\">Egyptair Corporate Plus<\/a><\/td><td class=\"column-2\">Egyptair <\/td><td class=\"column-3\">\u00c4gypten<\/td>\n<\/tr>\n<tr class=\"row-21 odd\">\n\t<td class=\"column-1\"><a href=\"https:\/\/www.emirates.com\/english\/business-rewards\/benefits\/\" target=_\"blank\">Business Rewards<\/a><\/td><td class=\"column-2\">Emirates<\/td><td class=\"column-3\">Vereinigte Arabische Emirate<\/td>\n<\/tr>\n<tr class=\"row-22 even\">\n\t<td class=\"column-1\"><a href=\"http:\/\/www.etihadairways.com\/sites\/etihad\/businessconnect\/ae\/en\/pages\/home.aspx\" target=_\"blank\">BusinessConnect<\/a><\/td><td class=\"column-2\">Etihad Airways<\/td><td class=\"column-3\">Vereinigte Arabische Emirate<\/td>\n<\/tr>\n<tr class=\"row-23 odd\">\n\t<td class=\"column-1\"><a href=\"https:\/\/bizfam.evaair.com\/BZES\/bizfam-introduction\" target=_\"blank\">EVA BizFam<\/a><\/td><td class=\"column-2\">EVA Air<\/td><td class=\"column-3\">Taiwan<\/td>\n<\/tr>\n<tr class=\"row-24 even\">\n\t<td class=\"column-1\"><a href=\"https:\/\/www.iberia.com\/es\/companies\/on-business\/\" target=_\"blank\">On Business<\/a><\/td><td class=\"column-2\">Iberia<\/td><td class=\"column-3\">Spanien<\/td>\n<\/tr>\n<tr class=\"row-25 odd\">\n\t<td class=\"column-1\"><a href=\"https:\/\/micro.koreanair.com\/mainevent\/kalbiz\/kalbiz_en.html\" target=_\"blank\">KALBIZ<\/a><\/td><td class=\"column-2\">Korean Air<\/td><td class=\"column-3\">S\u00fcd-Korea<\/td>\n<\/tr>\n<tr class=\"row-26 even\">\n\t<td class=\"column-1\"><a href=\"http:\/\/www.lam.co.mz\/en\/Flamingo-Club\" target=_\"blank\">Flamingo Corporate<\/a><\/td><td class=\"column-2\">LAM<\/td><td class=\"column-3\">Mosambik<\/td>\n<\/tr>\n<tr class=\"row-27 odd\">\n\t<td class=\"column-1\"><a href=\"http:\/\/www.lotdlafirm.com\/web\/ldf\/home\" target=_\"blank\">LOT for Business<\/a><\/td><td class=\"column-2\">LOT<\/td><td class=\"column-3\">Polen<\/td>\n<\/tr>\n<tr class=\"row-28 even\">\n\t<td class=\"column-1\"><a href=\"https:\/\/www.partnerplusbenefit.com\/application\/pages2\/common\/A090NewChooseLocalePage.jsp\" target=_\"blank\">PartnerPlusBenefit<\/a><\/td><td class=\"column-2\">Lufthansa<\/td><td class=\"column-3\">Deutschland<\/td>\n<\/tr>\n<tr class=\"row-29 odd\">\n\t<td class=\"column-1\"><a href=\"https:\/\/www.malaysiaairlines.com\/my\/en\/commercial-services\/mhbiz-travel\/mhbiz-pro.html\" target=_\"blank\">MHbiz Pro<\/a><\/td><td class=\"column-2\">Malaysia Airlines<\/td><td class=\"column-3\">Malaysien<\/td>\n<\/tr>\n<tr class=\"row-30 even\">\n\t<td class=\"column-1\"><a href=\"https:\/\/www.mokuleleairlines.com\/elevate-loyalty-program\/\" target=_\"blank\">Elevate for Business<\/a><\/td><td class=\"column-2\">Mokulele Airlines<\/td><td class=\"column-3\">USA<\/td>\n<\/tr>\n<tr class=\"row-31 odd\">\n\t<td class=\"column-1\"><a href=\"https:\/\/www.piac.com.pk\/loyalty-programs\/corporate-club\" target=_\"blank\">A+ Corporate Programme<\/a><\/td><td class=\"column-2\">PIA<\/td><td class=\"column-3\">Pakistan<\/td>\n<\/tr>\n<tr class=\"row-32 even\">\n\t<td class=\"column-1\"><a href=\"https:\/\/www.qantasbusinessrewards.com\/\" target=_\"blank\">Qantas Business Rewards<\/a><\/td><td class=\"column-2\">Qantas<\/td><td class=\"column-3\">Australien<\/td>\n<\/tr>\n<tr class=\"row-33 odd\">\n\t<td class=\"column-1\"><a href=\"https:\/\/www.qatarairways.com\/en\/corporate-travel\/beyond-business.html\" target=_\"blank\">Beyond Business<\/a><\/td><td class=\"column-2\">Qatar Airways<\/td><td class=\"column-3\">Qatar<\/td>\n<\/tr>\n<tr class=\"row-34 even\">\n\t<td class=\"column-1\"><a href=\"https:\/\/www.royalairmaroc.com\/ma-en\/SAFAR-FLYER\/Discover-Safar-Flyer\/Safar-Flyer-Corporate\" target=_\"blank\">Safar Flyer Corporate<\/a><\/td><td class=\"column-2\">Royal Air Maroc<\/td><td class=\"column-3\">Marokko<\/td>\n<\/tr>\n<tr class=\"row-35 odd\">\n\t<td class=\"column-1\"><a href=\"https:\/\/www.s7.ru\/en\/profi\/\" target=_\"blank\">S7 Profi<\/a><\/td><td class=\"column-2\">S7 Airlines<\/td><td class=\"column-3\">Russland<\/td>\n<\/tr>\n<tr class=\"row-36 even\">\n\t<td class=\"column-1\"><a href=\"https:\/\/www.azoresairlines.pt\/en\/imagine\/business\" target=_\"blank\">SATA Imagine Corporate<\/a><\/td><td class=\"column-2\">SATA<\/td><td class=\"column-3\">Portugal<\/td>\n<\/tr>\n<tr class=\"row-37 odd\">\n\t<td class=\"column-1\"><a href=\"https:\/\/www.singaporeair.com\/en_UK\/sg\/sq-corporate\/highflyer-requirements\/\" target=_\"blank\">HighFlyer<\/a><\/td><td class=\"column-2\">Singapore Airlines<\/td><td class=\"column-3\">Singapur<\/td>\n<\/tr>\n<tr class=\"row-38 even\">\n\t<td class=\"column-1\"><a href=\"https:\/\/www.partnerplusbenefit.com\/application\/pages2\/common\/A090NewChooseLocalePageSACP.jsp\" target=_\"blank\">Star Alliance Company Plus<\/a><\/td><td class=\"column-2\">Star Alliance<\/td><td class=\"column-3\"><\/td>\n<\/tr>\n<tr class=\"row-39 odd\">\n\t<td class=\"column-1\"><a href=\"https:\/\/www.tapforbiz.com\/en-pt\/small-medium-enterprises\" target=_\"blank\">TAP FORBIZ<\/a><\/td><td class=\"column-2\">TAP Air Portugal<\/td><td class=\"column-3\">Portugal<\/td>\n<\/tr>\n<tr class=\"row-40 even\">\n\t<td class=\"column-1\"><a href=\"http:\/\/unitedperksplus.united.com\/\" target=_\"blank\">United PerksPlus<\/a><\/td><td class=\"column-2\">United<\/td><td class=\"column-3\">USA<\/td>\n<\/tr>\n<tr class=\"row-41 odd\">\n\t<td class=\"column-1\"><a href=\"https:\/\/www.vietnamairlines.com\/en\/sites\/lotusbiz-vietnam-airlines\" target=_\"blank\">LotusBiz<\/a><\/td><td class=\"column-2\">Vietnam Airlines<\/td><td class=\"column-3\">Vietnam<\/td>\n<\/tr>\n<tr class=\"row-42 even\">\n\t<td class=\"column-1\"><a href=\"https:\/\/www.virginaustralia.com\/eu\/en\/fly-for-business\/business-flyer\/\" target=_\"blank\">Virgin Australia Business Flyer<\/a><\/td><td class=\"column-2\">Virgin Australia<\/td><td class=\"column-3\">Australien<\/td>\n<\/tr>\n<\/tbody>\n<\/table>\n<span id=\"tablepress-4-description\" class=\"tablepress-table-description tablepress-table-description-id-4\"><\/span>\n<!-- #tablepress-4 from cache -->\n","protected":false},"excerpt":{"rendered":"<p>Untenstehende Kundenbindungsprogramme f\u00fcr KMUs von Fluggesellschaften werden derzeit angeboten. Wo verf\u00fcgbar, k\u00f6nnen Sie sich durch Anklicken des Programmnamens zu der Homepage des Programmanbieters verbinden lassen, nach M\u00f6glichkeit direkt zu den Seiten \u00fcber das Programm. Bitte beachten Sie, dass viele dieser Programme nur in bestimmten M\u00e4rkten angeboten werden. Au\u00dferdem bieten Fluggesellschaften Firmen je nach Gr\u00f6\u00dfe nat\u00fcrlich [&hellip;]<\/p>\n","protected":false},"author":7,"featured_media":0,"parent":639,"menu_order":0,"comment_status":"closed","ping_status":"closed","template":"","meta":{"_links_to":"","_links_to_target":""},"_links":{"self":[{"href":"https:\/\/www.globalflight.net\/german\/wp-json\/wp\/v2\/pages\/706"}],"collection":[{"href":"https:\/\/www.globalflight.net\/german\/wp-json\/wp\/v2\/pages"}],"about":[{"href":"https:\/\/www.globalflight.net\/german\/wp-json\/wp\/v2\/types\/page"}],"author":[{"embeddable":true,"href":"https:\/\/www.globalflight.net\/german\/wp-json\/wp\/v2\/users\/7"}],"replies":[{"embeddable":true,"href":"https:\/\/www.globalflight.net\/german\/wp-json\/wp\/v2\/comments?post=706"}],"version-history":[{"count":7,"href":"https:\/\/www.globalflight.net\/german\/wp-json\/wp\/v2\/pages\/706\/revisions"}],"predecessor-version":[{"id":2790,"href":"https:\/\/www.globalflight.net\/german\/wp-json\/wp\/v2\/pages\/706\/revisions\/2790"}],"up":[{"embeddable":true,"href":"https:\/\/www.globalflight.net\/german\/wp-json\/wp\/v2\/pages\/639"}],"wp:attachment":[{"href":"https:\/\/www.globalflight.net\/german\/wp-json\/wp\/v2\/media?parent=706"}],"curies":[{"name":"wp","href":"https:\/\/api.w.org\/{rel}","templated":true}]}}